{"id":12,"date":"2019-07-19T19:10:49","date_gmt":"2019-07-19T19:10:49","guid":{"rendered":"http:\/\/andreasfotografie.de\/?page_id=12"},"modified":"2020-03-17T21:11:21","modified_gmt":"2020-03-17T21:11:21","slug":"mediengestaltung","status":"publish","type":"page","link":"https:\/\/andreasfotografie.de\/?page_id=12","title":{"rendered":"Mediengestaltung"},"content":{"rendered":"\t\t<div data-elementor-type=\"wp-post\" data-elementor-id=\"12\" class=\"elementor elementor-12\" data-elementor-post-type=\"page\">\n\t\t\t\t\t\t<section class=\"elementor-section elementor-top-section elementor-element elementor-element-18422b6 elementor-section-boxed elementor-section-height-default elementor-section-height-default\" data-id=\"18422b6\" data-element_type=\"section\" data-e-type=\"section\">\n\t\t\t\t\t\t<div class=\"elementor-container elementor-column-gap-default\">\n\t\t\t\t\t<div class=\"elementor-column elementor-col-33 elementor-top-column elementor-element elementor-element-3226679\" data-id=\"3226679\" data-element_type=\"column\" data-e-type=\"column\">\n\t\t\t<div class=\"elementor-widget-wrap elementor-element-populated\">\n\t\t\t\t\t\t<section class=\"elementor-section elementor-inner-section elementor-element elementor-element-843f3b7 elementor-section-boxed elementor-section-height-default elementor-section-height-default\" data-id=\"843f3b7\" data-element_type=\"section\" data-e-type=\"section\">\n\t\t\t\t\t\t<div class=\"elementor-container elementor-column-gap-default\">\n\t\t\t\t\t<div class=\"elementor-column elementor-col-100 elementor-inner-column elementor-element elementor-element-0e481fe\" data-id=\"0e481fe\" data-element_type=\"column\" data-e-type=\"column\">\n\t\t\t<div class=\"elementor-widget-wrap elementor-element-populated\">\n\t\t\t\t\t\t<div class=\"elementor-element elementor-element-b333573 elementor-widget elementor-widget-heading\" data-id=\"b333573\" data-element_type=\"widget\" data-e-type=\"widget\" data-widget_type=\"heading.default\">\n\t\t\t\t<div class=\"elementor-widget-container\">\n\t\t\t\t\t<h2 class=\"elementor-heading-title elementor-size-default\">Getr\u00e4nkekarte f\u00fcr die Sportbar M2 in Hainichen<\/h2>\t\t\t\t<\/div>\n\t\t\t\t<\/div>\n\t\t\t\t<div class=\"elementor-element elementor-element-5b4d6fb elementor-widget elementor-widget-text-editor\" data-id=\"5b4d6fb\" data-element_type=\"widget\" data-e-type=\"widget\" data-widget_type=\"text-editor.default\">\n\t\t\t\t<div class=\"elementor-widget-container\">\n\t\t\t\t\t\t\t\t\t<p>Ich habe mal eine Getr\u00e4nkekarte neu gestaltet. Ich habe mich hier f\u00fcr ein A4 Format entschieden. die Karten wurden dann in einer Druckerrei gedruckt und ich werde sie nur noch laminieren.<\/p>\n<p>Mir hat der dunkle Hintergrund sehr gefallen und ich wollte einfach mal was&nbsp; anderes machen als immer nur wei\u00dfer Hintergrund und schwarze Schrift.<\/p>\t\t\t\t\t\t\t\t<\/div>\n\t\t\t\t<\/div>\n\t\t\t\t\t<\/div>\n\t\t<\/div>\n\t\t\t\t\t<\/div>\n\t\t<\/section>\n\t\t\t\t\t<\/div>\n\t\t<\/div>\n\t\t\t\t<div class=\"elementor-column elementor-col-33 elementor-top-column elementor-element elementor-element-869087b\" data-id=\"869087b\" data-element_type=\"column\" data-e-type=\"column\">\n\t\t\t<div class=\"elementor-widget-wrap elementor-element-populated\">\n\t\t\t\t\t\t<div class=\"elementor-element elementor-element-c17846e elementor-widget elementor-widget-image\" data-id=\"c17846e\" data-element_type=\"widget\" data-e-type=\"widget\" data-widget_type=\"image.default\">\n\t\t\t\t<div class=\"elementor-widget-container\">\n\t\t\t\t\t\t\t\t\t\t\t\t\t\t\t\t<a href=\"http:\/\/andreasfotografie.de\/wp-content\/uploads\/2020\/03\/neugetr\u00e4nke_bar.jpg\" data-elementor-open-lightbox=\"yes\" data-elementor-lightbox-title=\"neugetr\u00e4nke_bar\" data-e-action-hash=\"#elementor-action%3Aaction%3Dlightbox%26settings%3DeyJpZCI6MzU2LCJ1cmwiOiJodHRwczpcL1wvYW5kcmVhc2ZvdG9ncmFmaWUuZGVcL3dwLWNvbnRlbnRcL3VwbG9hZHNcLzIwMjBcLzAzXC9uZXVnZXRyXHUwMGU0bmtlX2Jhci5qcGcifQ%3D%3D\">\n\t\t\t\t\t\t\t<img fetchpriority=\"high\" decoding=\"async\" width=\"724\" height=\"1024\" src=\"https:\/\/andreasfotografie.de\/wp-content\/uploads\/2020\/03\/neugetr\u00e4nke_bar-724x1024.jpg\" class=\"attachment-large size-large wp-image-356\" alt=\"\" srcset=\"https:\/\/andreasfotografie.de\/wp-content\/uploads\/2020\/03\/neugetr\u00e4nke_bar-724x1024.jpg 724w, https:\/\/andreasfotografie.de\/wp-content\/uploads\/2020\/03\/neugetr\u00e4nke_bar-212x300.jpg 212w, https:\/\/andreasfotografie.de\/wp-content\/uploads\/2020\/03\/neugetr\u00e4nke_bar-768x1086.jpg 768w, https:\/\/andreasfotografie.de\/wp-content\/uploads\/2020\/03\/neugetr\u00e4nke_bar.jpg 794w\" sizes=\"(max-width: 724px) 100vw, 724px\" \/>\t\t\t\t\t\t\t\t<\/a>\n\t\t\t\t\t\t\t\t\t\t\t\t\t\t\t<\/div>\n\t\t\t\t<\/div>\n\t\t\t\t\t<\/div>\n\t\t<\/div>\n\t\t\t\t<div class=\"elementor-column elementor-col-33 elementor-top-column elementor-element elementor-element-8024bd4\" data-id=\"8024bd4\" data-element_type=\"column\" data-e-type=\"column\">\n\t\t\t<div class=\"elementor-widget-wrap elementor-element-populated\">\n\t\t\t\t\t\t<div class=\"elementor-element elementor-element-0dd256e elementor-widget elementor-widget-image\" data-id=\"0dd256e\" data-element_type=\"widget\" data-e-type=\"widget\" data-widget_type=\"image.default\">\n\t\t\t\t<div class=\"elementor-widget-container\">\n\t\t\t\t\t\t\t\t\t\t\t\t\t\t\t\t<a href=\"http:\/\/andreasfotografie.de\/wp-content\/uploads\/2020\/03\/neugetr\u00e4nke_bar2.jpg\" data-elementor-open-lightbox=\"yes\" data-elementor-lightbox-title=\"neugetr\u00e4nke_bar2\" data-e-action-hash=\"#elementor-action%3Aaction%3Dlightbox%26settings%3DeyJpZCI6MzU3LCJ1cmwiOiJodHRwczpcL1wvYW5kcmVhc2ZvdG9ncmFmaWUuZGVcL3dwLWNvbnRlbnRcL3VwbG9hZHNcLzIwMjBcLzAzXC9uZXVnZXRyXHUwMGU0bmtlX2JhcjIuanBnIn0%3D\">\n\t\t\t\t\t\t\t<img decoding=\"async\" width=\"724\" height=\"1024\" src=\"https:\/\/andreasfotografie.de\/wp-content\/uploads\/2020\/03\/neugetr\u00e4nke_bar2-724x1024.jpg\" class=\"attachment-large size-large wp-image-357\" alt=\"\" srcset=\"https:\/\/andreasfotografie.de\/wp-content\/uploads\/2020\/03\/neugetr\u00e4nke_bar2-724x1024.jpg 724w, https:\/\/andreasfotografie.de\/wp-content\/uploads\/2020\/03\/neugetr\u00e4nke_bar2-212x300.jpg 212w, https:\/\/andreasfotografie.de\/wp-content\/uploads\/2020\/03\/neugetr\u00e4nke_bar2-768x1086.jpg 768w, https:\/\/andreasfotografie.de\/wp-content\/uploads\/2020\/03\/neugetr\u00e4nke_bar2.jpg 794w\" sizes=\"(max-width: 724px) 100vw, 724px\" \/>\t\t\t\t\t\t\t\t<\/a>\n\t\t\t\t\t\t\t\t\t\t\t\t\t\t\t<\/div>\n\t\t\t\t<\/div>\n\t\t\t\t\t<\/div>\n\t\t<\/div>\n\t\t\t\t\t<\/div>\n\t\t<\/section>\n\t\t\t\t<section class=\"elementor-section elementor-top-section elementor-element elementor-element-0015e5f elementor-section-content-middle elementor-section-boxed elementor-section-height-default elementor-section-height-default\" data-id=\"0015e5f\" data-element_type=\"section\" data-e-type=\"section\" data-settings=\"{&quot;background_background&quot;:&quot;classic&quot;}\">\n\t\t\t\t\t\t<div class=\"elementor-container elementor-column-gap-no\">\n\t\t\t\t\t<div class=\"elementor-column elementor-col-100 elementor-top-column elementor-element elementor-element-c193f72\" data-id=\"c193f72\" data-element_type=\"column\" data-e-type=\"column\">\n\t\t\t<div class=\"elementor-widget-wrap elementor-element-populated\">\n\t\t\t\t\t\t<div class=\"elementor-element elementor-element-718afe4 elementor-widget-divider--view-line elementor-widget elementor-widget-divider\" data-id=\"718afe4\" data-element_type=\"widget\" data-e-type=\"widget\" data-widget_type=\"divider.default\">\n\t\t\t\t<div class=\"elementor-widget-container\">\n\t\t\t\t\t\t\t<div class=\"elementor-divider\">\n\t\t\t<span class=\"elementor-divider-separator\">\n\t\t\t\t\t\t<\/span>\n\t\t<\/div>\n\t\t\t\t\t\t<\/div>\n\t\t\t\t<\/div>\n\t\t\t\t<div class=\"elementor-element elementor-element-c8dd892 elementor-widget elementor-widget-heading\" data-id=\"c8dd892\" data-element_type=\"widget\" data-e-type=\"widget\" data-widget_type=\"heading.default\">\n\t\t\t\t<div class=\"elementor-widget-container\">\n\t\t\t\t\t<h4 class=\"elementor-heading-title elementor-size-default\">Flyer und Werbeschild f\u00fcr <br>Car Service Vogt<\/h4>\t\t\t\t<\/div>\n\t\t\t\t<\/div>\n\t\t\t\t<div class=\"elementor-element elementor-element-5dc7eef elementor-widget elementor-widget-text-editor\" data-id=\"5dc7eef\" data-element_type=\"widget\" data-e-type=\"widget\" data-widget_type=\"text-editor.default\">\n\t\t\t\t<div class=\"elementor-widget-container\">\n\t\t\t\t\t\t\t\t\t<p>F\u00fcr eine Neuer\u00f6ffnung wurden neue Flyer gestaltet und gedruckt. Es wurden verschiedene Varianten des Flyers gestaltet.<\/p><p>Es wurde auch ein neues Werbeschild erstellt. Das Schild ist aus 3mm Aludibond gefertigt. Es h\u00e4ngt bald in Chemnitz.<\/p><p>Wenn Ihr Probleme mit eurem Auto habt ,fahrt gern hin er hilft euch bestimmt weiter und lasst euch das Angebot nicht entgehen.<\/p>\t\t\t\t\t\t\t\t<\/div>\n\t\t\t\t<\/div>\n\t\t\t\t<section class=\"elementor-section elementor-inner-section elementor-element elementor-element-93dd355 elementor-section-content-middle elementor-section-boxed elementor-section-height-default elementor-section-height-default\" data-id=\"93dd355\" data-element_type=\"section\" data-e-type=\"section\">\n\t\t\t\t\t\t<div class=\"elementor-container elementor-column-gap-no\">\n\t\t\t\t\t<div class=\"elementor-column elementor-col-50 elementor-inner-column elementor-element elementor-element-68613b9\" data-id=\"68613b9\" data-element_type=\"column\" data-e-type=\"column\">\n\t\t\t<div class=\"elementor-widget-wrap elementor-element-populated\">\n\t\t\t\t\t\t<div class=\"elementor-element elementor-element-6488303 elementor-widget elementor-widget-image\" data-id=\"6488303\" data-element_type=\"widget\" data-e-type=\"widget\" data-widget_type=\"image.default\">\n\t\t\t\t<div class=\"elementor-widget-container\">\n\t\t\t\t\t\t\t\t\t\t\t\t\t\t\t\t<a href=\"http:\/\/andreasfotografie.de\/wp-content\/uploads\/2019\/10\/flyer_saxo_car_Seite_1.jpg\" data-elementor-open-lightbox=\"yes\" data-elementor-lightbox-title=\"flyer_saxo_car_Seite_1\" data-e-action-hash=\"#elementor-action%3Aaction%3Dlightbox%26settings%3DeyJpZCI6MzA2LCJ1cmwiOiJodHRwczpcL1wvYW5kcmVhc2ZvdG9ncmFmaWUuZGVcL3dwLWNvbnRlbnRcL3VwbG9hZHNcLzIwMTlcLzEwXC9mbHllcl9zYXhvX2Nhcl9TZWl0ZV8xLmpwZyJ9\">\n\t\t\t\t\t\t\t<img decoding=\"async\" width=\"1000\" height=\"510\" src=\"https:\/\/andreasfotografie.de\/wp-content\/uploads\/2019\/10\/flyer_saxo_car_Seite_1-1024x522.jpg\" class=\"attachment-large size-large wp-image-306\" alt=\"\" srcset=\"https:\/\/andreasfotografie.de\/wp-content\/uploads\/2019\/10\/flyer_saxo_car_Seite_1-1024x522.jpg 1024w, https:\/\/andreasfotografie.de\/wp-content\/uploads\/2019\/10\/flyer_saxo_car_Seite_1-300x153.jpg 300w, https:\/\/andreasfotografie.de\/wp-content\/uploads\/2019\/10\/flyer_saxo_car_Seite_1-768x391.jpg 768w\" sizes=\"(max-width: 1000px) 100vw, 1000px\" \/>\t\t\t\t\t\t\t\t<\/a>\n\t\t\t\t\t\t\t\t\t\t\t\t\t\t\t<\/div>\n\t\t\t\t<\/div>\n\t\t\t\t<div class=\"elementor-element elementor-element-aa01902 elementor-widget elementor-widget-image\" data-id=\"aa01902\" data-element_type=\"widget\" data-e-type=\"widget\" data-widget_type=\"image.default\">\n\t\t\t\t<div class=\"elementor-widget-container\">\n\t\t\t\t\t\t\t\t\t\t\t\t\t\t\t\t<a href=\"http:\/\/andreasfotografie.de\/wp-content\/uploads\/2019\/10\/flyer_saxo_car_Seite_2.jpg\" data-elementor-open-lightbox=\"yes\" data-elementor-lightbox-title=\"flyer_saxo_car_Seite_2\" data-e-action-hash=\"#elementor-action%3Aaction%3Dlightbox%26settings%3DeyJpZCI6MzA1LCJ1cmwiOiJodHRwczpcL1wvYW5kcmVhc2ZvdG9ncmFmaWUuZGVcL3dwLWNvbnRlbnRcL3VwbG9hZHNcLzIwMTlcLzEwXC9mbHllcl9zYXhvX2Nhcl9TZWl0ZV8yLmpwZyJ9\">\n\t\t\t\t\t\t\t<img loading=\"lazy\" decoding=\"async\" width=\"768\" height=\"391\" src=\"https:\/\/andreasfotografie.de\/wp-content\/uploads\/2019\/10\/flyer_saxo_car_Seite_2-768x391.jpg\" class=\"attachment-medium_large size-medium_large wp-image-305\" alt=\"\" srcset=\"https:\/\/andreasfotografie.de\/wp-content\/uploads\/2019\/10\/flyer_saxo_car_Seite_2-768x391.jpg 768w, https:\/\/andreasfotografie.de\/wp-content\/uploads\/2019\/10\/flyer_saxo_car_Seite_2-300x153.jpg 300w, https:\/\/andreasfotografie.de\/wp-content\/uploads\/2019\/10\/flyer_saxo_car_Seite_2-1024x522.jpg 1024w, https:\/\/andreasfotografie.de\/wp-content\/uploads\/2019\/10\/flyer_saxo_car_Seite_2.jpg 1686w\" sizes=\"(max-width: 768px) 100vw, 768px\" \/>\t\t\t\t\t\t\t\t<\/a>\n\t\t\t\t\t\t\t\t\t\t\t\t\t\t\t<\/div>\n\t\t\t\t<\/div>\n\t\t\t\t\t<\/div>\n\t\t<\/div>\n\t\t\t\t<div class=\"elementor-column elementor-col-50 elementor-inner-column elementor-element elementor-element-a314614\" data-id=\"a314614\" data-element_type=\"column\" data-e-type=\"column\">\n\t\t\t<div class=\"elementor-widget-wrap elementor-element-populated\">\n\t\t\t\t\t\t<div class=\"elementor-element elementor-element-4f98af7 elementor-widget elementor-widget-image\" data-id=\"4f98af7\" data-element_type=\"widget\" data-e-type=\"widget\" data-widget_type=\"image.default\">\n\t\t\t\t<div class=\"elementor-widget-container\">\n\t\t\t\t\t\t\t\t\t\t\t\t\t\t\t\t<a href=\"http:\/\/andreasfotografie.de\/wp-content\/uploads\/2019\/10\/werbeschild_webaufl.jpg\" data-elementor-open-lightbox=\"yes\" data-elementor-lightbox-title=\"werbeschild_webaufl\" data-e-action-hash=\"#elementor-action%3Aaction%3Dlightbox%26settings%3DeyJpZCI6MzA4LCJ1cmwiOiJodHRwczpcL1wvYW5kcmVhc2ZvdG9ncmFmaWUuZGVcL3dwLWNvbnRlbnRcL3VwbG9hZHNcLzIwMTlcLzEwXC93ZXJiZXNjaGlsZF93ZWJhdWZsLmpwZyJ9\">\n\t\t\t\t\t\t\t<img loading=\"lazy\" decoding=\"async\" width=\"1000\" height=\"750\" src=\"https:\/\/andreasfotografie.de\/wp-content\/uploads\/2019\/10\/werbeschild_webaufl-1024x768.jpg\" class=\"attachment-large size-large wp-image-308\" alt=\"\" srcset=\"https:\/\/andreasfotografie.de\/wp-content\/uploads\/2019\/10\/werbeschild_webaufl-1024x768.jpg 1024w, https:\/\/andreasfotografie.de\/wp-content\/uploads\/2019\/10\/werbeschild_webaufl-300x225.jpg 300w, https:\/\/andreasfotografie.de\/wp-content\/uploads\/2019\/10\/werbeschild_webaufl-768x576.jpg 768w, https:\/\/andreasfotografie.de\/wp-content\/uploads\/2019\/10\/werbeschild_webaufl.jpg 1200w\" sizes=\"(max-width: 1000px) 100vw, 1000px\" \/>\t\t\t\t\t\t\t\t<\/a>\n\t\t\t\t\t\t\t\t\t\t\t\t\t\t\t<\/div>\n\t\t\t\t<\/div>\n\t\t\t\t\t<\/div>\n\t\t<\/div>\n\t\t\t\t\t<\/div>\n\t\t<\/section>\n\t\t\t\t<section class=\"elementor-section elementor-inner-section elementor-element elementor-element-7147cdc elementor-section-content-middle elementor-section-boxed elementor-section-height-default elementor-section-height-default\" data-id=\"7147cdc\" data-element_type=\"section\" data-e-type=\"section\">\n\t\t\t\t\t\t<div class=\"elementor-container elementor-column-gap-no\">\n\t\t\t\t\t<div class=\"elementor-column elementor-col-100 elementor-inner-column elementor-element elementor-element-4302fb4\" data-id=\"4302fb4\" data-element_type=\"column\" data-e-type=\"column\">\n\t\t\t<div class=\"elementor-widget-wrap\">\n\t\t\t\t\t\t\t<\/div>\n\t\t<\/div>\n\t\t\t\t\t<\/div>\n\t\t<\/section>\n\t\t\t\t\t<\/div>\n\t\t<\/div>\n\t\t\t\t\t<\/div>\n\t\t<\/section>\n\t\t\t\t<section class=\"elementor-section elementor-top-section elementor-element elementor-element-695d71e elementor-section-boxed elementor-section-height-default elementor-section-height-default\" data-id=\"695d71e\" data-element_type=\"section\" data-e-type=\"section\">\n\t\t\t\t\t\t<div class=\"elementor-container elementor-column-gap-default\">\n\t\t\t\t\t<div class=\"elementor-column elementor-col-50 elementor-top-column elementor-element elementor-element-7a47b50\" data-id=\"7a47b50\" data-element_type=\"column\" data-e-type=\"column\">\n\t\t\t<div class=\"elementor-widget-wrap elementor-element-populated\">\n\t\t\t\t\t\t<div class=\"elementor-element elementor-element-ba4422f elementor-widget elementor-widget-text-editor\" data-id=\"ba4422f\" data-element_type=\"widget\" data-e-type=\"widget\" data-widget_type=\"text-editor.default\">\n\t\t\t\t<div class=\"elementor-widget-container\">\n\t\t\t\t\t\t\t\t\t<p>Ein Plakat f\u00fcr die Sportbar in Hainichen, als Bilder wurden auch hier Stockbilder verwendet. Die Schriften stammen alle von Adobe Fonts. Das Plakat wurde in DIN A3 gedruckt die kleinen Flyer im DIN lang quer Format.<\/p>\t\t\t\t\t\t\t\t<\/div>\n\t\t\t\t<\/div>\n\t\t\t\t<div class=\"elementor-element elementor-element-2bb33cd gallery-spacing-custom elementor-widget elementor-widget-image-gallery\" data-id=\"2bb33cd\" data-element_type=\"widget\" data-e-type=\"widget\" data-widget_type=\"image-gallery.default\">\n\t\t\t\t<div class=\"elementor-widget-container\">\n\t\t\t\t\t\t\t<div class=\"elementor-image-gallery\">\n\t\t\t<div id='gallery-1' class='gallery galleryid-12 gallery-columns-1 gallery-size-medium_large'><figure class='gallery-item'>\n\t\t\t<div class='gallery-icon portrait'>\n\t\t\t\t<a data-elementor-open-lightbox=\"yes\" data-elementor-lightbox-slideshow=\"2bb33cd\" data-elementor-lightbox-title=\"sportbar_Plakat_druck\" data-e-action-hash=\"#elementor-action%3Aaction%3Dlightbox%26settings%3DeyJpZCI6NTksInVybCI6Imh0dHBzOlwvXC9hbmRyZWFzZm90b2dyYWZpZS5kZVwvd3AtY29udGVudFwvdXBsb2Fkc1wvMjAxOVwvMDdcL3Nwb3J0YmFyX1BsYWthdF9kcnVjay5qcGciLCJzbGlkZXNob3ciOiIyYmIzM2NkIn0%3D\" href='https:\/\/andreasfotografie.de\/wp-content\/uploads\/2019\/07\/sportbar_Plakat_druck.jpg'><img loading=\"lazy\" decoding=\"async\" width=\"768\" height=\"1080\" src=\"https:\/\/andreasfotografie.de\/wp-content\/uploads\/2019\/07\/sportbar_Plakat_druck-768x1080.jpg\" class=\"attachment-medium_large size-medium_large\" alt=\"\" srcset=\"https:\/\/andreasfotografie.de\/wp-content\/uploads\/2019\/07\/sportbar_Plakat_druck-768x1080.jpg 768w, https:\/\/andreasfotografie.de\/wp-content\/uploads\/2019\/07\/sportbar_Plakat_druck-213x300.jpg 213w, https:\/\/andreasfotografie.de\/wp-content\/uploads\/2019\/07\/sportbar_Plakat_druck-728x1024.jpg 728w\" sizes=\"(max-width: 768px) 100vw, 768px\" \/><\/a>\n\t\t\t<\/div><\/figure>\n\t\t<\/div>\n\t\t<\/div>\n\t\t\t\t\t\t<\/div>\n\t\t\t\t<\/div>\n\t\t\t\t\t<\/div>\n\t\t<\/div>\n\t\t\t\t<div class=\"elementor-column elementor-col-50 elementor-top-column elementor-element elementor-element-61c4926\" data-id=\"61c4926\" data-element_type=\"column\" data-e-type=\"column\">\n\t\t\t<div class=\"elementor-widget-wrap elementor-element-populated\">\n\t\t\t\t\t\t<div class=\"elementor-element elementor-element-fe86602 elementor-widget elementor-widget-spacer\" data-id=\"fe86602\" data-element_type=\"widget\" data-e-type=\"widget\" data-widget_type=\"spacer.default\">\n\t\t\t\t<div class=\"elementor-widget-container\">\n\t\t\t\t\t\t\t<div class=\"elementor-spacer\">\n\t\t\t<div class=\"elementor-spacer-inner\"><\/div>\n\t\t<\/div>\n\t\t\t\t\t\t<\/div>\n\t\t\t\t<\/div>\n\t\t\t\t<div class=\"elementor-element elementor-element-b532e62 gallery-spacing-custom elementor-widget elementor-widget-image-gallery\" data-id=\"b532e62\" data-element_type=\"widget\" data-e-type=\"widget\" data-widget_type=\"image-gallery.default\">\n\t\t\t\t<div class=\"elementor-widget-container\">\n\t\t\t\t\t\t\t<div class=\"elementor-image-gallery\">\n\t\t\t<div id='gallery-2' class='gallery galleryid-12 gallery-columns-1 gallery-size-medium_large'><figure class='gallery-item'>\n\t\t\t<div class='gallery-icon landscape'>\n\t\t\t\t<a data-elementor-open-lightbox=\"yes\" data-elementor-lightbox-slideshow=\"b532e62\" data-elementor-lightbox-title=\"flyer_druck_1_Seite_1\" data-e-action-hash=\"#elementor-action%3Aaction%3Dlightbox%26settings%3DeyJpZCI6NjAsInVybCI6Imh0dHBzOlwvXC9hbmRyZWFzZm90b2dyYWZpZS5kZVwvd3AtY29udGVudFwvdXBsb2Fkc1wvMjAxOVwvMDdcL2ZseWVyX2RydWNrXzFfU2VpdGVfMS5qcGciLCJzbGlkZXNob3ciOiJiNTMyZTYyIn0%3D\" href='https:\/\/andreasfotografie.de\/wp-content\/uploads\/2019\/07\/flyer_druck_1_Seite_1.jpg'><img loading=\"lazy\" decoding=\"async\" width=\"768\" height=\"391\" src=\"https:\/\/andreasfotografie.de\/wp-content\/uploads\/2019\/07\/flyer_druck_1_Seite_1-768x391.jpg\" class=\"attachment-medium_large size-medium_large\" alt=\"\" srcset=\"https:\/\/andreasfotografie.de\/wp-content\/uploads\/2019\/07\/flyer_druck_1_Seite_1-768x391.jpg 768w, https:\/\/andreasfotografie.de\/wp-content\/uploads\/2019\/07\/flyer_druck_1_Seite_1-300x153.jpg 300w, https:\/\/andreasfotografie.de\/wp-content\/uploads\/2019\/07\/flyer_druck_1_Seite_1-1024x522.jpg 1024w\" sizes=\"(max-width: 768px) 100vw, 768px\" \/><\/a>\n\t\t\t<\/div><\/figure><figure class='gallery-item'>\n\t\t\t<div class='gallery-icon landscape'>\n\t\t\t\t<a data-elementor-open-lightbox=\"yes\" data-elementor-lightbox-slideshow=\"b532e62\" data-elementor-lightbox-title=\"flyer_druck_1_Seite_2\" data-e-action-hash=\"#elementor-action%3Aaction%3Dlightbox%26settings%3DeyJpZCI6NjEsInVybCI6Imh0dHBzOlwvXC9hbmRyZWFzZm90b2dyYWZpZS5kZVwvd3AtY29udGVudFwvdXBsb2Fkc1wvMjAxOVwvMDdcL2ZseWVyX2RydWNrXzFfU2VpdGVfMi5qcGciLCJzbGlkZXNob3ciOiJiNTMyZTYyIn0%3D\" href='https:\/\/andreasfotografie.de\/wp-content\/uploads\/2019\/07\/flyer_druck_1_Seite_2.jpg'><img loading=\"lazy\" decoding=\"async\" width=\"768\" height=\"391\" src=\"https:\/\/andreasfotografie.de\/wp-content\/uploads\/2019\/07\/flyer_druck_1_Seite_2-768x391.jpg\" class=\"attachment-medium_large size-medium_large\" alt=\"\" srcset=\"https:\/\/andreasfotografie.de\/wp-content\/uploads\/2019\/07\/flyer_druck_1_Seite_2-768x391.jpg 768w, https:\/\/andreasfotografie.de\/wp-content\/uploads\/2019\/07\/flyer_druck_1_Seite_2-300x153.jpg 300w, https:\/\/andreasfotografie.de\/wp-content\/uploads\/2019\/07\/flyer_druck_1_Seite_2-1024x522.jpg 1024w\" sizes=\"(max-width: 768px) 100vw, 768px\" \/><\/a>\n\t\t\t<\/div><\/figure>\n\t\t<\/div>\n\t\t<\/div>\n\t\t\t\t\t\t<\/div>\n\t\t\t\t<\/div>\n\t\t\t\t\t<\/div>\n\t\t<\/div>\n\t\t\t\t\t<\/div>\n\t\t<\/section>\n\t\t\t\t<\/div>\n\t\t","protected":false},"excerpt":{"rendered":"<p>Getr\u00e4nkekarte f\u00fcr die Sportbar M2 in Hainichen Ich habe mal eine Getr\u00e4nkekarte neu gestaltet. Ich habe mich hier f\u00fcr ein A4 Format entschieden. die Karten wurden dann in einer Druckerrei gedruckt und ich werde sie nur noch laminieren. Mir hat der dunkle Hintergrund sehr gefallen &hellip; <a href=\"https:\/\/andreasfotografie.de\/?page_id=12\" class=\"more-link\"><span>Continue reading<span class=\"screen-reader-text\">Mediengestaltung<\/span><\/span><\/a><\/p>\n","protected":false},"author":1,"featured_media":0,"parent":0,"menu_order":0,"comment_status":"closed","ping_status":"closed","template":"elementor_header_footer","meta":{"footnotes":""},"class_list":["post-12","page","type-page","status-publish","hentry"],"_links":{"self":[{"href":"https:\/\/andreasfotografie.de\/index.php?rest_route=\/wp\/v2\/pages\/12","targetHints":{"allow":["GET"]}}],"collection":[{"href":"https:\/\/andreasfotografie.de\/index.php?rest_route=\/wp\/v2\/pages"}],"about":[{"href":"https:\/\/andreasfotografie.de\/index.php?rest_route=\/wp\/v2\/types\/page"}],"author":[{"embeddable":true,"href":"https:\/\/andreasfotografie.de\/index.php?rest_route=\/wp\/v2\/users\/1"}],"replies":[{"embeddable":true,"href":"https:\/\/andreasfotografie.de\/index.php?rest_route=%2Fwp%2Fv2%2Fcomments&post=12"}],"version-history":[{"count":14,"href":"https:\/\/andreasfotografie.de\/index.php?rest_route=\/wp\/v2\/pages\/12\/revisions"}],"predecessor-version":[{"id":360,"href":"https:\/\/andreasfotografie.de\/index.php?rest_route=\/wp\/v2\/pages\/12\/revisions\/360"}],"wp:attachment":[{"href":"https:\/\/andreasfotografie.de\/index.php?rest_route=%2Fwp%2Fv2%2Fmedia&parent=12"}],"curies":[{"name":"wp","href":"https:\/\/api.w.org\/{rel}","templated":true}]}}