{"id":6,"date":"2019-07-19T19:09:51","date_gmt":"2019-07-19T19:09:51","guid":{"rendered":"http:\/\/andreasfotografie.de\/?page_id=6"},"modified":"2025-02-10T21:04:55","modified_gmt":"2025-02-10T21:04:55","slug":"home","status":"publish","type":"page","link":"https:\/\/andreasfotografie.de\/","title":{"rendered":"Home"},"content":{"rendered":"\t\t<div data-elementor-type=\"wp-page\" data-elementor-id=\"6\" class=\"elementor elementor-6\" data-elementor-post-type=\"page\">\n\t\t\t\t\t\t<section class=\"elementor-section elementor-top-section elementor-element elementor-element-bb6f833 elementor-section-boxed elementor-section-height-default elementor-section-height-default\" data-id=\"bb6f833\" data-element_type=\"section\" data-e-type=\"section\">\n\t\t\t\t\t\t<div class=\"elementor-container elementor-column-gap-default\">\n\t\t\t\t\t<div class=\"elementor-column elementor-col-100 elementor-top-column elementor-element elementor-element-7d0a68e\" data-id=\"7d0a68e\" data-element_type=\"column\" data-e-type=\"column\">\n\t\t\t<div class=\"elementor-widget-wrap elementor-element-populated\">\n\t\t\t\t\t\t<div class=\"elementor-element elementor-element-edd2522 elementor-widget elementor-widget-text-editor\" data-id=\"edd2522\" data-element_type=\"widget\" data-e-type=\"widget\" data-widget_type=\"text-editor.default\">\n\t\t\t\t<div class=\"elementor-widget-container\">\n\t\t\t\t\t\t\t\t\t<h4>Leider hat der Fehlerteufel zugeschlagen. Es k\u00f6nnen leider&nbsp; nicht alle Bilder angezeigt werden.Bitte haben Sie etwas Geduld bis der Fehler behoben wurde.<\/h4>\t\t\t\t\t\t\t\t<\/div>\n\t\t\t\t<\/div>\n\t\t\t\t\t<\/div>\n\t\t<\/div>\n\t\t\t\t\t<\/div>\n\t\t<\/section>\n\t\t\t\t<section class=\"elementor-section elementor-top-section elementor-element elementor-element-bcaf0b4 elementor-section-boxed elementor-section-height-default elementor-section-height-default\" data-id=\"bcaf0b4\" data-element_type=\"section\" data-e-type=\"section\">\n\t\t\t\t\t\t<div class=\"elementor-container elementor-column-gap-default\">\n\t\t\t\t\t<div class=\"elementor-column elementor-col-50 elementor-top-column elementor-element elementor-element-5919aba\" data-id=\"5919aba\" data-element_type=\"column\" data-e-type=\"column\">\n\t\t\t<div class=\"elementor-widget-wrap elementor-element-populated\">\n\t\t\t\t\t\t<div class=\"elementor-element elementor-element-c30d75e elementor-widget elementor-widget-text-editor\" data-id=\"c30d75e\" data-element_type=\"widget\" data-e-type=\"widget\" data-widget_type=\"text-editor.default\">\n\t\t\t\t<div class=\"elementor-widget-container\">\n\t\t\t\t\t\t\t\t\t<div id=\"article\"><div class=\"elementor elementor-321\" data-elementor-id=\"321\" data-elementor-type=\"post\" data-elementor-settings=\"[]\"><div class=\"elementor-inner\"><div class=\"elementor-section-wrap\"><section class=\"elementor-element elementor-element-334c364 elementor-section-boxed elementor-section-height-default elementor-section-height-default elementor-section elementor-top-section\" data-id=\"334c364\" data-element_type=\"section\"><div class=\"elementor-container elementor-column-gap-default\"><div class=\"elementor-row\"><div class=\"elementor-element elementor-element-0adbc89 elementor-column elementor-col-100 elementor-top-column\" data-id=\"0adbc89\" data-element_type=\"column\"><div class=\"elementor-column-wrap elementor-element-populated\"><div class=\"elementor-widget-wrap\"><div class=\"elementor-element elementor-element-c35540e elementor-widget elementor-widget-text-editor\" data-id=\"c35540e\" data-element_type=\"widget\" data-widget_type=\"text-editor.default\" data-settings=\"{&quot;_animation&quot;:&quot;none&quot;}\"><div class=\"elementor-widget-container\"><div class=\"elementor-text-editor elementor-clearfix\"><p>Lasst mich euch mitnehmen in meine Welt der Fotografie, Bildbearbeitung, Composing und Mediengestaltung.<\/p><p>Wenn Ihr Interesse an einem Fotoshooting habt k\u00f6nnt Ihr euch gern bei mir melden, gern gehe ich auf eure W\u00fcnsche ein. Ich fotografiere sehr gern Outdoor das gibt mir viele M\u00f6glichkeiten Sie in Szene zu setzen. Sollten Sie sich aber nicht trauen komme ich nach Absprache auch zu Ihnen nach Hause.<\/p><p>Ich betreibe dies als mein Hobby weil es mir Spa\u00df macht zu fotografieren und mit den Programmen neue Bilder zu erschaffen.<\/p><\/div><\/div><\/div><\/div><\/div><\/div><\/div><\/div><\/section><\/div><\/div><\/div><\/div>\t\t\t\t\t\t\t\t<\/div>\n\t\t\t\t<\/div>\n\t\t\t\t\t<\/div>\n\t\t<\/div>\n\t\t\t\t<div class=\"elementor-column elementor-col-50 elementor-top-column elementor-element elementor-element-cfa1fe5\" data-id=\"cfa1fe5\" data-element_type=\"column\" data-e-type=\"column\">\n\t\t\t<div class=\"elementor-widget-wrap elementor-element-populated\">\n\t\t\t\t\t\t<div class=\"elementor-element elementor-element-4fa94e0 elementor-widget elementor-widget-image\" data-id=\"4fa94e0\" data-element_type=\"widget\" data-e-type=\"widget\" data-widget_type=\"image.default\">\n\t\t\t\t<div class=\"elementor-widget-container\">\n\t\t\t\t\t\t\t\t\t\t\t\t\t\t\t<img fetchpriority=\"high\" decoding=\"async\" width=\"200\" height=\"300\" src=\"http:\/\/andreasfotografie.de\/wp-content\/uploads\/2019\/07\/andreas-2-200x300.jpg\" class=\"attachment-medium size-medium wp-image-62\" alt=\"\" srcset=\"http:\/\/andreasfotografie.de\/wp-content\/uploads\/2019\/07\/andreas-2-200x300.jpg 200w, http:\/\/andreasfotografie.de\/wp-content\/uploads\/2019\/07\/andreas-2.jpg 681w\" sizes=\"(max-width: 200px) 100vw, 200px\" \/>\t\t\t\t\t\t\t\t\t\t\t\t\t\t\t<\/div>\n\t\t\t\t<\/div>\n\t\t\t\t\t<\/div>\n\t\t<\/div>\n\t\t\t\t\t<\/div>\n\t\t<\/section>\n\t\t\t\t<section class=\"elementor-section elementor-top-section elementor-element elementor-element-3710d7c elementor-section-boxed elementor-section-height-default elementor-section-height-default\" data-id=\"3710d7c\" data-element_type=\"section\" data-e-type=\"section\">\n\t\t\t\t\t\t<div class=\"elementor-container elementor-column-gap-default\">\n\t\t\t\t\t<div class=\"elementor-column elementor-col-100 elementor-top-column elementor-element elementor-element-4bb2290\" data-id=\"4bb2290\" data-element_type=\"column\" data-e-type=\"column\">\n\t\t\t<div class=\"elementor-widget-wrap elementor-element-populated\">\n\t\t\t\t\t\t<div class=\"elementor-element elementor-element-af3721b elementor-headline--style-highlight elementor-widget elementor-widget-animated-headline\" data-id=\"af3721b\" data-element_type=\"widget\" data-e-type=\"widget\" data-settings=\"{&quot;marker&quot;:&quot;underline_zigzag&quot;,&quot;highlighted_text&quot;:&quot;Beispiele&quot;,&quot;headline_style&quot;:&quot;highlight&quot;,&quot;loop&quot;:&quot;yes&quot;,&quot;highlight_animation_duration&quot;:1200,&quot;highlight_iteration_delay&quot;:8000}\" data-widget_type=\"animated-headline.default\">\n\t\t\t\t<div class=\"elementor-widget-container\">\n\t\t\t\t\t\t\t<h4 class=\"elementor-headline\">\n\t\t\t\t\t<span class=\"elementor-headline-plain-text elementor-headline-text-wrapper\">ein paar<\/span>\n\t\t\t\t<span class=\"elementor-headline-dynamic-wrapper elementor-headline-text-wrapper\">\n\t\t\t\t\t<span class=\"elementor-headline-dynamic-text elementor-headline-text-active\">Beispiele<\/span>\n\t\t\t\t<\/span>\n\t\t\t\t<\/h4>\n\t\t\t\t\t\t<\/div>\n\t\t\t\t<\/div>\n\t\t\t\t\t<\/div>\n\t\t<\/div>\n\t\t\t\t\t<\/div>\n\t\t<\/section>\n\t\t\t\t<section class=\"elementor-section elementor-top-section elementor-element elementor-element-398de75 elementor-section-boxed elementor-section-height-default elementor-section-height-default\" data-id=\"398de75\" data-element_type=\"section\" data-e-type=\"section\">\n\t\t\t\t\t\t<div class=\"elementor-container elementor-column-gap-default\">\n\t\t\t\t\t<div class=\"elementor-column elementor-col-100 elementor-top-column elementor-element elementor-element-a38120f\" data-id=\"a38120f\" data-element_type=\"column\" data-e-type=\"column\">\n\t\t\t<div class=\"elementor-widget-wrap elementor-element-populated\">\n\t\t\t\t\t\t<div class=\"elementor-element elementor-element-c97dba3 elementor-arrows-position-inside elementor-pagination-position-outside elementor-widget elementor-widget-image-carousel\" data-id=\"c97dba3\" data-element_type=\"widget\" data-e-type=\"widget\" data-settings=\"{&quot;slides_to_show&quot;:&quot;3&quot;,&quot;navigation&quot;:&quot;both&quot;,&quot;autoplay&quot;:&quot;yes&quot;,&quot;pause_on_hover&quot;:&quot;yes&quot;,&quot;pause_on_interaction&quot;:&quot;yes&quot;,&quot;autoplay_speed&quot;:5000,&quot;infinite&quot;:&quot;yes&quot;,&quot;speed&quot;:500}\" data-widget_type=\"image-carousel.default\">\n\t\t\t\t<div class=\"elementor-widget-container\">\n\t\t\t\t\t\t\t<div class=\"elementor-image-carousel-wrapper swiper\" role=\"region\" aria-roledescription=\"carousel\" aria-label=\"Bild Karussell\" dir=\"ltr\">\n\t\t\t<div class=\"elementor-image-carousel swiper-wrapper swiper-image-stretch\" aria-live=\"off\">\n\t\t\t\t\t\t\t\t<div class=\"swiper-slide\" role=\"group\" aria-roledescription=\"slide\" aria-label=\"1 von 5\"><a data-elementor-open-lightbox=\"yes\" data-elementor-lightbox-slideshow=\"c97dba3\" data-elementor-lightbox-title=\"Amazone_Teil201\" data-e-action-hash=\"#elementor-action%3Aaction%3Dlightbox%26settings%3DeyJpZCI6NTYxLCJ1cmwiOiJodHRwOlwvXC9hbmRyZWFzZm90b2dyYWZpZS5kZVwvd3AtY29udGVudFwvdXBsb2Fkc1wvMjAyMlwvMDZcL0FtYXpvbmVfVGVpbDIwMS5qcGciLCJzbGlkZXNob3ciOiJjOTdkYmEzIn0%3D\" href=\"http:\/\/andreasfotografie.de\/wp-content\/uploads\/2022\/06\/Amazone_Teil201.jpg\"><figure class=\"swiper-slide-inner\"><img decoding=\"async\" class=\"swiper-slide-image\" src=\"http:\/\/andreasfotografie.de\/wp-content\/uploads\/2022\/06\/Amazone_Teil201-212x300.jpg\" alt=\"Amazone_Teil201\" \/><\/figure><\/a><\/div><div class=\"swiper-slide\" role=\"group\" aria-roledescription=\"slide\" aria-label=\"2 von 5\"><a data-elementor-open-lightbox=\"yes\" data-elementor-lightbox-slideshow=\"c97dba3\" data-elementor-lightbox-title=\"web_summer-to-winter\" data-e-action-hash=\"#elementor-action%3Aaction%3Dlightbox%26settings%3DeyJpZCI6Mzk3LCJ1cmwiOiJodHRwOlwvXC9hbmRyZWFzZm90b2dyYWZpZS5kZVwvd3AtY29udGVudFwvdXBsb2Fkc1wvMjAyMFwvMTJcL3dlYl9zdW1tZXItdG8td2ludGVyLmpwZyIsInNsaWRlc2hvdyI6ImM5N2RiYTMifQ%3D%3D\" href=\"http:\/\/andreasfotografie.de\/wp-content\/uploads\/2020\/12\/web_summer-to-winter.jpg\"><figure class=\"swiper-slide-inner\"><img decoding=\"async\" class=\"swiper-slide-image\" src=\"http:\/\/andreasfotografie.de\/wp-content\/uploads\/2020\/12\/web_summer-to-winter-212x300.jpg\" alt=\"web_summer-to-winter\" \/><\/figure><\/a><\/div><div class=\"swiper-slide\" role=\"group\" aria-roledescription=\"slide\" aria-label=\"3 von 5\"><a data-elementor-open-lightbox=\"yes\" data-elementor-lightbox-slideshow=\"c97dba3\" data-elementor-lightbox-title=\"comp1\" data-e-action-hash=\"#elementor-action%3Aaction%3Dlightbox%26settings%3DeyJpZCI6MzYzLCJ1cmwiOiJodHRwOlwvXC9hbmRyZWFzZm90b2dyYWZpZS5kZVwvd3AtY29udGVudFwvdXBsb2Fkc1wvMjAyMFwvMDRcL2NvbXAxLmpwZyIsInNsaWRlc2hvdyI6ImM5N2RiYTMifQ%3D%3D\" href=\"http:\/\/andreasfotografie.de\/wp-content\/uploads\/2020\/04\/comp1.jpg\"><figure class=\"swiper-slide-inner\"><img decoding=\"async\" class=\"swiper-slide-image\" src=\"http:\/\/andreasfotografie.de\/wp-content\/uploads\/2020\/04\/comp1-212x300.jpg\" alt=\"comp1\" \/><\/figure><\/a><\/div><div class=\"swiper-slide\" role=\"group\" aria-roledescription=\"slide\" aria-label=\"4 von 5\"><a data-elementor-open-lightbox=\"yes\" data-elementor-lightbox-slideshow=\"c97dba3\" data-elementor-lightbox-title=\"Lisa-6\" data-e-action-hash=\"#elementor-action%3Aaction%3Dlightbox%26settings%3DeyJpZCI6Mjk0LCJ1cmwiOiJodHRwOlwvXC9hbmRyZWFzZm90b2dyYWZpZS5kZVwvd3AtY29udGVudFwvdXBsb2Fkc1wvMjAxOVwvMDlcL0xpc2EtNi5qcGciLCJzbGlkZXNob3ciOiJjOTdkYmEzIn0%3D\" href=\"http:\/\/andreasfotografie.de\/wp-content\/uploads\/2019\/09\/Lisa-6.jpg\"><figure class=\"swiper-slide-inner\"><img decoding=\"async\" class=\"swiper-slide-image\" src=\"http:\/\/andreasfotografie.de\/wp-content\/uploads\/2019\/09\/Lisa-6-200x300.jpg\" alt=\"Lisa-6\" \/><\/figure><\/a><\/div><div class=\"swiper-slide\" role=\"group\" aria-roledescription=\"slide\" aria-label=\"5 von 5\"><a data-elementor-open-lightbox=\"yes\" data-elementor-lightbox-slideshow=\"c97dba3\" data-elementor-lightbox-title=\"Lisa-4\" data-e-action-hash=\"#elementor-action%3Aaction%3Dlightbox%26settings%3DeyJpZCI6MjkzLCJ1cmwiOiJodHRwOlwvXC9hbmRyZWFzZm90b2dyYWZpZS5kZVwvd3AtY29udGVudFwvdXBsb2Fkc1wvMjAxOVwvMDlcL0xpc2EtNC5qcGciLCJzbGlkZXNob3ciOiJjOTdkYmEzIn0%3D\" href=\"http:\/\/andreasfotografie.de\/wp-content\/uploads\/2019\/09\/Lisa-4.jpg\"><figure class=\"swiper-slide-inner\"><img decoding=\"async\" class=\"swiper-slide-image\" src=\"http:\/\/andreasfotografie.de\/wp-content\/uploads\/2019\/09\/Lisa-4-200x300.jpg\" alt=\"Lisa-4\" \/><\/figure><\/a><\/div>\t\t\t<\/div>\n\t\t\t\t\t\t\t\t\t\t\t\t<div class=\"elementor-swiper-button elementor-swiper-button-prev\" role=\"button\" tabindex=\"0\">\n\t\t\t\t\t\t<i aria-hidden=\"true\" class=\"eicon-chevron-left\"><\/i>\t\t\t\t\t<\/div>\n\t\t\t\t\t<div class=\"elementor-swiper-button elementor-swiper-button-next\" role=\"button\" tabindex=\"0\">\n\t\t\t\t\t\t<i aria-hidden=\"true\" class=\"eicon-chevron-right\"><\/i>\t\t\t\t\t<\/div>\n\t\t\t\t\n\t\t\t\t\t\t\t\t\t<div class=\"swiper-pagination\"><\/div>\n\t\t\t\t\t\t\t\t\t<\/div>\n\t\t\t\t\t\t<\/div>\n\t\t\t\t<\/div>\n\t\t\t\t\t<\/div>\n\t\t<\/div>\n\t\t\t\t\t<\/div>\n\t\t<\/section>\n\t\t\t\t<section class=\"elementor-section elementor-top-section elementor-element elementor-element-4a9b77f elementor-section-boxed elementor-section-height-default elementor-section-height-default\" data-id=\"4a9b77f\" data-element_type=\"section\" data-e-type=\"section\">\n\t\t\t\t\t\t<div class=\"elementor-container elementor-column-gap-default\">\n\t\t\t\t\t<div class=\"elementor-column elementor-col-100 elementor-top-column elementor-element elementor-element-beb1858\" data-id=\"beb1858\" data-element_type=\"column\" data-e-type=\"column\">\n\t\t\t<div class=\"elementor-widget-wrap elementor-element-populated\">\n\t\t\t\t\t\t<div class=\"elementor-element elementor-element-53eeb55 elementor-widget elementor-widget-text-editor\" data-id=\"53eeb55\" data-element_type=\"widget\" data-e-type=\"widget\" data-widget_type=\"text-editor.default\">\n\t\t\t\t<div class=\"elementor-widget-container\">\n\t\t\t\t\t\t\t\t\t<p>Kontaktinformationen: Tel. 015259330404 \/ E-Mail: Andreasfotografie@outlook.de<\/p>\n<p>Bitte beachten Sie das ich dies als mein Hobby betreibe und nicht immer an das Telefon gehen kann,sollte ich nicht antworten schreiben Sie mir bitte eine E-Mail.<\/p><p>Vielen Dank f\u00fcr ihr Verst\u00e4ndniss<\/p>\t\t\t\t\t\t\t\t<\/div>\n\t\t\t\t<\/div>\n\t\t\t\t\t<\/div>\n\t\t<\/div>\n\t\t\t\t\t<\/div>\n\t\t<\/section>\n\t\t\t\t<\/div>\n\t\t","protected":false},"excerpt":{"rendered":"<p>Leider hat der Fehlerteufel zugeschlagen. Es k\u00f6nnen leider&nbsp; nicht alle Bilder angezeigt werden.Bitte haben Sie etwas Geduld bis der Fehler behoben wurde. Lasst mich euch mitnehmen in meine Welt der Fotografie, Bildbearbeitung, Composing und Mediengestaltung. Wenn Ihr Interesse an einem Fotoshooting habt k\u00f6nnt Ihr euch &hellip; <a href=\"https:\/\/andreasfotografie.de\/\" class=\"more-link\"><span>Continue reading<span class=\"screen-reader-text\">Home<\/span><\/span><\/a><\/p>\n","protected":false},"author":1,"featured_media":0,"parent":0,"menu_order":0,"comment_status":"closed","ping_status":"closed","template":"","meta":{"footnotes":""},"class_list":["post-6","page","type-page","status-publish","hentry"],"_links":{"self":[{"href":"https:\/\/andreasfotografie.de\/index.php?rest_route=\/wp\/v2\/pages\/6","targetHints":{"allow":["GET"]}}],"collection":[{"href":"https:\/\/andreasfotografie.de\/index.php?rest_route=\/wp\/v2\/pages"}],"about":[{"href":"https:\/\/andreasfotografie.de\/index.php?rest_route=\/wp\/v2\/types\/page"}],"author":[{"embeddable":true,"href":"https:\/\/andreasfotografie.de\/index.php?rest_route=\/wp\/v2\/users\/1"}],"replies":[{"embeddable":true,"href":"https:\/\/andreasfotografie.de\/index.php?rest_route=%2Fwp%2Fv2%2Fcomments&post=6"}],"version-history":[{"count":81,"href":"https:\/\/andreasfotografie.de\/index.php?rest_route=\/wp\/v2\/pages\/6\/revisions"}],"predecessor-version":[{"id":671,"href":"https:\/\/andreasfotografie.de\/index.php?rest_route=\/wp\/v2\/pages\/6\/revisions\/671"}],"wp:attachment":[{"href":"https:\/\/andreasfotografie.de\/index.php?rest_route=%2Fwp%2Fv2%2Fmedia&parent=6"}],"curies":[{"name":"wp","href":"https:\/\/api.w.org\/{rel}","templated":true}]}}